rivative of p**5/60 - p**4/12 + p**3/3 + p**2/2 - p. Let l(c) be the first derivative of t(c). Is l(7) composite?
False
Suppose 7961 - 1034 = 3*x. Is x prime?
True
Let d(p) = 2*p + 1171. Is d(0) prime?
True
Let y(t) = -6*t + 13. Let n be y(11). Is 5 - (3 - 0) - n composite?
True
Let r(t) = 418*t**2 - 2*t - 1. Suppose 4*w = -2*u - 0 + 2, -5*u + 2*w = 7. Is r(u) a prime number?
True
Let r = -1176 - -1867. Is r prime?
True
Let s = -1 + 3. Is s*(1492/8 - 0) composite?
False
Suppose 0 = -2*y - 0*y. Let o = -4 + 6. Suppose -18 = -o*c - 5*w, 3*w + 6 = -y*w. Is c a composite number?
True
Is (259/21)/((-2)/(-6)) a prime number?
True
Let b be ((-15)/9)/(1/3). Let c be (-16)/6 - b/(-15). Is 23/(c/45*-3) a prime number?
False
Is 39/(-2)*(-218)/3 prime?
False
Let s(a) = 95*a**2 + 10*a - 27. Is s(6) composite?
True
Let j(z) = z**3 - z + 115. Let h = -1 - -3. Suppose -h*l + l = 0. Is j(l) composite?
True
Let h(a) = -3*a**3 - 4*a**2 + a + 1. Let t be h(-3). Let o = t + -30. Is o composite?
False
Let u = -4 + 6. Suppose u*t + 2*f = f, 3*t = -4*f. Is 22*(-1 - (t + -2)) a prime number?
False
Suppose 4*y - 364 = -2*s, -s + 4*y = s - 396. Let h = s - 51. Is h composite?
False
Suppose 0 = 4*z - 32 + 8. Suppose 0 = -z*a + a + w + 16, 0 = a + 3*w. Is a composite?
False
Is (4 - 8)/(6/(-39)) a composite number?
True
Let y(p) = -35*p - 19. Is y(-14) a composite number?
True
Suppose -935 = -2*c - 3*i, -5*c - 2*i + 2351 = i. Let q = -329 + c. Is q prime?
False
Suppose 4*c - 135 = 5*x, 0 = x - 1. Is c + (-6)/9*-3 prime?
True
Let z = 1966 + -1335. Is z composite?
False
Is (226/(-4) - 3)*-2 a prime number?
False
Let p(j) = j**2 + 3*j + 1. Let z be p(-4). Suppose -h - 4*h = -5*s + 730, 0 = z*s - 4*h - 729. Is s a prime number?
False
Let r = 59 - -150. Is r composite?
True
Suppose -834 = 7*f - 13*f. Is f prime?
True
Let k(c) = -c**2 + 22*c - 9. Let f be k(10). Let g = 140 + f. Is g a composite number?
False
Suppose 441 + 1327 = 8*g. Is g prime?
False
Suppose -5*p = 58 + 112. Suppose 0*y = -2*y + 110. Let j = y + p. Is j composite?
True
Suppose 2*l + u = -378, 2*u - 772 = 4*l - 0*u. Let y = l - -395. Suppose y = 2*z + 34. Is z prime?
False
Suppose -w - 4*w + 4825 = 0. Is w a prime number?
False
Let f(y) = 7*y**2 + 2*y - 4. Is f(-3) a prime number?
True
Suppose l = 6*m - 3*m - 210, -4*m = -l - 279. Suppose 0 = 3*i - m + 27. Is i a prime number?
False
Let p = 53 - -9. Is p composite?
True
Suppose 19*n - 5826 = 13*n. Is n composite?
False
Let h(p) be the first derivative of -3*p**4/4 + p**3/3 + 7*p**2/2 + 6*p + 3. Is h(-5) prime?
False
Let x be (-6 - -6) + -5*2. Let t = 13 + x. Suppose -t*c + 105 = -0*c. Is c a composite number?
True
Suppose -10 - 1 = -p. Let t(i) = i**3 - 8*i**2 - 16*i + 16. Is t(p) a prime number?
False
Is ((-3586)/(-88))/(1/4) a composite number?
False
Let y(o) = -o**3 - 3*o**2 - 3*o - 3. Let c be 6/4*(-2)/3. Let k be (1/c - 3)/1. Is y(k) composite?
True
Suppose -2*l = 4*a + 732, -l - a - 3*a - 362 = 0. Suppose -5*o + 0*o = 795. Let j = o - l. Is j a composite number?
False
Let l = -3 - -5. Suppose 0 = 2*t + l*v - 43 + 5, -t + 7 = 4*v. Is t prime?
True
Let c(z) = z**3 + 11*z**2 - 7*z - 13. Let j be c(-11). Let s = j + -26. Is s prime?
False
Let g = 368 + -81. Is g a composite number?
True
Is ((-1323)/(-4) - 0) + 24/96 prime?
True
Let b(x) = 121*x**3 - x + 1. Is b(1) a composite number?
True
Let o = 3 + -3. Suppose 3*x - 15 = -o. Suppose -2*i = -x*i + 27. Is i a prime number?
False
Let g(k) be the first derivative of 9*k**2/2 + 5*k + 2. Let z be g(-6). Let a = z + 70. Is a composite?
True
Suppose 2*j - 3*j - 11 = 0. Let n(s) = s**3 + 12*s**2 + 6*s - 2. Is n(j) a prime number?
True
Suppose 30 = 2*g + 5*o, 4*o - 10 = 2*g - 4. Suppose -9 = -3*j + 3*n, -7 - g = -4*j + 2*n. Suppose -f + 99 = -4*z, -j*z = 4*f - 2*z - 379. Is f composite?
True
Let o be 1 - -3 - (0 + 1). Suppose -45 - 120 = -o*y. Is y a composite number?
True
Suppose 33 = 3*p - 390. Is p prime?
False
Let m(o) = o**2 + 10*o + 8. Let s be m(-6). Let c be (2 + -2)*-1 + -10. Let u = c - s. Is u a prime number?
False
Suppose -2*k = 2*m + 3*m - 875, k - 524 = -3*m. Let g = m - 114. Suppose 2*c = 3*f - 117, 3*c - 80 = -4*f + g. Is f composite?
False
Let q = 8 - 12. Is (-1124)/(-12) - q/(-6) composite?
True
Let o(n) = -n**3 - 8*n**2 - 9*n - 5. Let t be o(-7). Is (7/2)/(t/126) a composite number?
True
Suppose 597 + 544 = k. Suppose 4*u - k = -249. Is u prime?
True
Is -4*(-2 - (-3267)/(-12)) prime?
True
Let c(w) = -5*w**3 + 6*w + 3. Let r be c(-4). Suppose -5*t - u = -388, -2*t - 2*t + 3*u = -r. Is t composite?
True
Is 487*(-3)/12*-4 prime?
True
Let p(t) = 4*t**2 - 9*t + 13. Is p(6) a prime number?
True
Let k(r) = 57*r**3 + 3*r**2 - 6*r + 7. Is k(3) composite?
True
Let s = -195 + 481. Suppose 3*w + 2*p = 5*w - 196, 0 = -3*w - 5*p + s. Is w composite?
False
Suppose 3*d + 85 = 25. Let o be (16/10)/(4/d). Let z = 18 + o. Is z composite?
True
Let d(f) be the second derivative of -f**5/20 + 3*f**4/4 + 7*f**3/6 - 17*f**2/2 - f. Is d(8) composite?
False
Let n(c) = 5*c**3 + 2*c**2 - 1. Let w(x) = x**2 - 4*x - 3. Let v be w(5). Let o be n(v). Let g = 116 - o. Is g prime?
False
Let v(a) = a + 50. Let w(o) = o**3 - 4*o**2. Let f be w(4). Let i be v(f). Let y = 3 + i. Is y a composite number?
False
Let y(x) = -x**2 + 31*x + 11. Is y(16) a prime number?
True
Let o = 4 + -2. Let f(h) = 6*h**o + 0*h - 5*h - 2*h + 0*h. Is f(-5) composite?
True
Suppose 0 = u + 38 - 151. Suppose 3*a = 109 + u. Suppose -5*m + 430 = 5*h, h = -m + 4*h + a. Is m a prime number?
True
Is 0 + 1570*2/4 prime?
False
Suppose j + 0*j = -1517. Let l = -882 - j. Is l prime?
False
Suppose -5*g + 1912 = 447. Is g a prime number?
True
Suppose 0 = h + 2*m - 280 - 57, 1 = m. Suppose h = j + 4*j. Is j prime?
True
Suppose 8*s - 1457 - 4631 = 0. Is s a prime number?
True
Suppose -z + 2159 = u, u + 2*z + 1261 = 3418. Is u a prime number?
True
Is (-7819)/(-35) + (-4)/10 prime?
True
Suppose 0 = k + 3 - 61. Is k a composite number?
True
Let l(z) = 6*z - 5. Let g(w) = -w + 1. Suppose 3*x - 2*c = -8 + 1, c - 21 = 5*x. Let j be g(x). Is l(j) a prime number?
True
Let j(y) be the second derivative of 3*y**4/4 + y**3/6 + y**2/2 + y. Let l be (4/(-2) + 1)*1. Is j(l) composite?
True
Let a = 186 - 318. Let c = a - -185. Is c prime?
True
Let g(k) = -13*k + 2 + 3*k**2 + 3*k**2 + 9*k - k**2. Is g(3) a prime number?
False
Let p(r) = r**3 - 2*r**2 + 2. Let t be p(2). Suppose t*q - 463 - 67 = 0. Is q prime?
False
Let h = 43 + 12. Let v = 24 + h. Let n = v + -46. Is n prime?
False
Suppose 4*x - s = s + 352, 0 = 5*x + s - 426. Suppose w = 3*w - x. Is w a prime number?
True
Let d = -888 + 1997. Is d prime?
True
Let y = -34 + 72. Let b = y - 3. Is b composite?
True
Let t(h) = h**2 - 9*h - 9. Is t(13) prime?
True
Let o(t) = -2*t**3 - 3*t**2 + 2. Let m be o(-2). Let y be -2 + 2 - m/(-3). Is y/7 + (-795)/(-35) a prime number?
True
Let n(b) = -b + 10. Let p be n(8). Let a(t) = 3*t**2 + 5*t - p*t + 5 - 2*t**2. Is a(-6) a prime number?
True
Is 2/5 + (-4734)/(-90) prime?
True
Let b be (1*-1)/1 + -369. Let i = 2 - -8. Is (i/(-25))/(2/b) composite?
True
Let z be (-7)/(14/20)*-1. Let c = z + 37. Is c composite?
False
Let k = -129 + 292. Is k composite?
False
Let g(b) = b**3 + 14*b**2 + 20*b - 4. Is g(-11) a prime number?
True
Suppose -l - 12 = -3*l + 2*c, 0 = 5*l + 5*c - 50. Let u(p) = -p**3 + 9*p**2 - 8*p - 5. Let o be u(l). Let w = 1 - o. Is w a composite number?
True
Let o(v) = v**3 + 6*v**2 - 3*v - 2. Let n be o(-6). Suppose 0 = -3*t - 9, 5*a = 2*t - 27 + 338. Let z = a + n. Is z composite?
True
Let v(y) = 21*y**2 - 4*y + 4. Is v(5) a composite number?
False
Suppose -4*n = -l - 13640, -5*n + 10207 = -2*n + 5*l. Is n a composite number?
True
Suppose -46 = 5*d - 2*a, a + 31 - 2 = -4*d. Let l be 3/(-12) + (-178)/d. Suppose -22 = -2*o + 4*q, 0 = 2*o - 0*q + 3*q - l. Is o prime?
True
Suppose 0*q = -2*q + 564. Let b = q + -104. Suppose -2*l - b = -4*l. Is l composite?
False
Let s be (-1)/(1*1/(-11)). Let r be (38/5)/(2/10). Let o = r + s. Is o a composite number?
True
Let b(g) = g**3 + 0*g**3 - 5 + 0*g + 4*g**2 - 5*g - 2*g**3. Let s be b(6). Let v = s - -292. Is v a prime number?
False
Suppose -5*h = -h - 536. Let t = -64 + h. Suppose 0 = -3*l + 7*l + 2*v - 80, 4*l - 3*v = t. Is l composite?
False